
What is the thousands digit of 2299?
2
What is the tens digit of 56773?
7
What is the tens digit of 675?
7
What is the tens digit of 663?
6
What is the units digit of 37346?
6
What is the thousands digit of 55253?
5
What is the hundreds digit of 10538?
5
What is the tens digit of 48484?
8
What is the tens digit of 3633?
3
What is the tens digit of 3832?
3
What is the ten thousands digit of 61638?
6
What is the tens digit of 286?
8
What is the ten thousands digit of 75477?
7
What is the tens digit of 225?
2
What is the tens digit of 45?
4
What is the thousands digit of 4267?
4
What is the hundreds digit of 36145?
1
What is the units digit of 155451?
1
What is the tens digit of 2710?
1
What is the ten thousands digit of 71355?
7
What is the units digit of 1213?
3
What is the tens digit of 1417?
1
What is the thousands digit of 6625?
6
What is the units digit of 4361?
1
What is the thousands digit of 12815?
2
What is the tens digit of 6176?
7
What is the units digit of 22645?
5
What is the thousands digit of 2029?
2
What is the units digit of 8351?
1
What is the units digit of 12?
2
What is the ten thousands digit of 75252?
7
What is the thousands digit of 19983?
9
What is the tens digit of 47373?
7
What is the hundreds digit of 370?
3
What is the thousands digit of 13984?
3
What is the hundreds digit of 398?
3
What is the thousands digit of 58541?
8
What is the hundreds digit of 3225?
2
What is the hundreds digit of 11301?
3
What is the tens digit of 115762?
6
What is the hundreds digit of 3750?
7
What is the units digit of 4354?
4
What is the thousands digit of 95336?
5
What is the units digit of 1517?
7
What is the tens digit of 3962?
6
What is the units digit of 977?
7
What is the thousands digit of 18970?
8
What is the hundreds digit of 9741?
7
What is the thousands digit of 1907?
1
What is the tens digit of 5915?
1
What is the tens digit of 5700?
0
What is the units digit of 745?
5
What is the units digit of 68230?
0
What is the ten thousands digit of 23194?
2
What is the tens digit of 679?
7
What is the tens digit of 40913?
1
What is the tens digit of 6268?
6
What is the ten thousands digit of 12022?
1
What is the tens digit of 565?
6
What is the units digit of 4010?
0
What is the tens digit of 16096?
9
What is the tens digit of 87073?
7
What is the tens digit of 2849?
4
What is the tens digit of 8190?
9
What is the tens digit of 980?
8
What is the hundreds digit of 9790?
7
What is the hundreds digit of 3638?
6
What is the tens digit of 1048?
4
What is the thousands digit of 26698?
6
What is the ten thousands digit of 33729?
3
What is the hundreds digit of 1408?
4
What is the thousands digit of 34682?
4
What is the units digit of 6676?
6
What is the units digit of 52005?
5
What is the units digit of 533?
3
What is the ten thousands digit of 25144?
2
What is the tens digit of 6730?
3
What is the hundreds digit of 328?
3
What is the ten thousands digit of 82949?
8
What is the ten thousands digit of 13385?
1
What is the units digit of 879?
9
What is the tens digit of 1392?
9
What is the units digit of 7206?
6
What is the thousands digit of 48007?
8
What is the hundreds digit of 122?
1
What is the tens digit of 289?
8
What is the thousands digit of 46467?
6
What is the tens digit of 20352?
5
What is the thousands digit of 1215?
1
What is the tens digit of 23248?
4
What is the tens digit of 3814?
1
What is the thousands digit of 1319?
1
What is the units digit of 329?
9
What is the hundreds digit of 1500?
5
What is the units digit of 250?
0
What is the units digit of 21061?
1
What is the thousands digit of 100872?
0
What is the hundreds digit of 21166?
1
What is the thousands digit of 49827?
9
What is the tens digit of 7278?
7
What is the tens digit of 932?
3
What is the tens digit of 10303?
0
What is the units digit of 8901?
1
What is the units digit of 15208?
8
What is the units digit of 5987?
7
What is the hundreds digit of 6481?
4
What is the ten thousands digit of 84652?
8
What is the hundreds digit of 1290?
2
What is the hundreds digit of 5486?
4
What is the units digit of 2555?
5
What is the tens digit of 4934?
3
What is the units digit of 1212?
2
What is the thousands digit of 7372?
7
What is the ten thousands digit of 23393?
2
What is the ten thousands digit of 20434?
2
What is the tens digit of 4989?
8
What is the hundreds digit of 9288?
2
What is the tens digit of 121515?
1
What is the thousands digit of 1391?
1
What is the hundreds digit of 139689?
6
What is the hundreds digit of 85226?
2
What is the ten thousands digit of 50529?
5
What is the units digit of 5?
5
What is the tens digit of 9927?
2
What is the thousands digit of 56841?
6
What is the units digit of 24397?
7
What is the tens digit of 881?
8
What is the tens digit of 19842?
4
What is the hundreds digit of 3642?
6
What is the tens digit of 55531?
3
What is the units digit of 11997?
7
What is the tens digit of 6971?
7
What is the ten thousands digit of 65678?
6
What is the hundreds digit of 9171?
1
What is the hundreds digit of 563?
5
What is the tens digit of 12729?
2
What is the units digit of 61896?
6
What is the hundreds digit of 7160?
1
What is the thousands digit of 19584?
9
What is the ten thousands digit of 87795?
8
What is the units digit of 16224?
4
What is the tens digit of 1655?
5
What is the thousands digit of 6208?
6
What is the hundreds digit of 63237?
2
What is the ten thousands digit of 18228?
1
What is the tens digit of 2029?
2
What is the tens digit of 3370?
7
What is the units digit of 1008?
8
What is the hundreds digit of 7747?
7
What is the tens digit of 7057?
5
What is the units digit of 44135?
5
What is the thousands digit of 9775?
9
What is the units digit of 682?
2
What is the units digit of 492?
2
What is the hundreds digit of 937?
9
What is the units digit of 2523?
3
What is the ten thousands digit of 39973?
3
What is the tens digit of 3009?
0
What is the ten thousands digit of 23845?
2
What is the tens digit of 53841?
4
What is the units digit of 21171?
1
What is the hundreds digit of 3072?
0
What is the tens digit of 174?
7
What is the units digit of 1262?
2
What is the tens digit of 4185?
8
What is the thousands digit of 3770?
3
What is the units digit of 2736?
6
What is the thousands digit of 12472?
2
What is the units digit of 9707?
7
What is the hundreds digit of 1281?
2
What is the tens digit of 331?
3
What is the hundreds digit of 6408?
4
What is the tens digit of 18273?
7
What is the units digit of 21779?
9
What is the tens digit of 133435?
3
What is the hundreds digit of 4884?
8
What is the units digit of 14?
4
What is the tens digit of 682?
8
What is the units digit of 1295?
5
What is the tens digit of 231?
3
What is the hundreds digit of 8502?
5
What is the thousands digit of 8947?
8
What is the tens digit of 1368?
6
What is the units digit of 8206?
6
What is the units digit of 19?
9
What is the tens digit of 993?
9
What is the hundreds digit of 2976?
9
What is the units digit of 300?
0
What is the units digit of 11416?
6
What is the units digit of 27990?
0
What is the ten thousands digit of 23236?
2
What is the tens digit of 6046?
4
What is the tens digit of 18746?
4
What is the hundreds digit of 1683?
6
What is the units digit of 1483?
3
What is the units digit of 2607?
7
What is the hundreds digit of 153?
1
What is the units digit of 32475?
5
What is the units digit of 26998?
8
What is the tens digit of 40137?
3
What is the units digit of 64127?
7
What is the hundreds digit of 1455?
4
What is the thousands digit of 11147?
1
What is the ten thousands digit of 57319?
5
What is the units digit of 3434?
4
What is the units digit of 6236?
6
What is the hundreds digit of 4480?
4
What is the units digit of 210?
0
What is the units digit of 50?
0
What is the tens digit of 7076?
7
What is the hundreds digit of 1190?
1
What is the tens digit of 230?
3
What is the thousands digit of 12808?
2
What is the tens digit of 3077?
7
What is the units digit of 16429?
9
What is the units digit of 8104?
4
What is the tens digit of 767?
6
What is the thousands digit of 6382?
6
What is the thousands digit of 15387?
5
What is the units digit of 7456?
6
What is the hundred thousands digit of 109462?
1
What is the hundreds digit of 82860?
8
What is th